{"id":1149,"date":"2023-01-24T22:53:33","date_gmt":"2023-01-25T01:53:33","guid":{"rendered":"https:\/\/metalshopping.com.br\/metalshopping\/?post_type=product&#038;p=1149"},"modified":"2023-03-31T17:03:21","modified_gmt":"2023-03-31T20:03:21","slug":"barras","status":"publish","type":"product","link":"https:\/\/metalshopping.com.br\/metalshopping\/?product=barras","title":{"rendered":"Barras de Vergalh\u00f5es"},"content":{"rendered":"<p>Comercializado na categoria CA 50 e CA 60, em barras retas e dobradas, possuem superf\u00edcie nervurada, garantindo assim maior ader\u00eancia da estrutura ao concreto, dispon\u00edveis em diversas bitolas, em acordo com a norma NBR 7480.<\/p>\n<p><img loading=\"lazy\" decoding=\"async\" class=\"alignnone wp-image-1326 size-us_600_600\" src=\"http:\/\/metalshopping.com.br\/metalshopping\/wp-content\/uploads\/2023\/01\/VERGALHOES-600x461.png\" alt=\"\" width=\"600\" height=\"461\" srcset=\"https:\/\/metalshopping.com.br\/metalshopping\/wp-content\/uploads\/2023\/01\/VERGALHOES-600x461.png 600w, https:\/\/metalshopping.com.br\/metalshopping\/wp-content\/uploads\/2023\/01\/VERGALHOES-300x231.png 300w, https:\/\/metalshopping.com.br\/metalshopping\/wp-content\/uploads\/2023\/01\/VERGALHOES.png 925w\" sizes=\"auto, (max-width: 600px) 100vw, 600px\" \/><\/p>\n","protected":false},"excerpt":{"rendered":"<p>Comercializado na categoria CA 50 e CA 60, em barras retas e dobradas, possuem superf\u00edcie nervurada, garantindo assim maior ader\u00eancia da estrutura ao concreto, dispon\u00edveis em diversas bitolas, em acordo com a norma NBR 7480.<\/p>\n","protected":false},"featured_media":911,"template":"","meta":[],"product_cat":[21,17],"product_tag":[],"class_list":{"0":"post-1149","1":"product","2":"type-product","3":"status-publish","4":"has-post-thumbnail","6":"product_cat-barras","7":"product_cat-construcao-civil","9":"first","10":"instock","11":"shipping-taxable","12":"product-type-simple"},"_links":{"self":[{"href":"https:\/\/metalshopping.com.br\/metalshopping\/index.php?rest_route=\/wp\/v2\/product\/1149","targetHints":{"allow":["GET"]}}],"collection":[{"href":"https:\/\/metalshopping.com.br\/metalshopping\/index.php?rest_route=\/wp\/v2\/product"}],"about":[{"href":"https:\/\/metalshopping.com.br\/metalshopping\/index.php?rest_route=\/wp\/v2\/types\/product"}],"wp:featuredmedia":[{"embeddable":true,"href":"https:\/\/metalshopping.com.br\/metalshopping\/index.php?rest_route=\/wp\/v2\/media\/911"}],"wp:attachment":[{"href":"https:\/\/metalshopping.com.br\/metalshopping\/index.php?rest_route=%2Fwp%2Fv2%2Fmedia&parent=1149"}],"wp:term":[{"taxonomy":"product_cat","embeddable":true,"href":"https:\/\/metalshopping.com.br\/metalshopping\/index.php?rest_route=%2Fwp%2Fv2%2Fproduct_cat&post=1149"},{"taxonomy":"product_tag","embeddable":true,"href":"https:\/\/metalshopping.com.br\/metalshopping\/index.php?rest_route=%2Fwp%2Fv2%2Fproduct_tag&post=1149"}],"curies":[{"name":"wp","href":"https:\/\/api.w.org\/{rel}","templated":true}]}}