{"id":1154,"date":"2023-01-25T08:41:34","date_gmt":"2023-01-25T11:41:34","guid":{"rendered":"https:\/\/metalshopping.com.br\/metalshopping\/?post_type=product&#038;p=1154"},"modified":"2023-03-20T18:32:36","modified_gmt":"2023-03-20T21:32:36","slug":"malhas","status":"publish","type":"product","link":"https:\/\/metalshopping.com.br\/metalshopping\/?product=malhas","title":{"rendered":"Malhas"},"content":{"rendered":"<p>A <strong>Tela Pop<\/strong> \u00e9 pr\u00f3pria para construir lajes em concreto armado, pisos residenciais e industriais e estruturas pr\u00e9-moldadas, Al\u00e9m de tornar o trabalho mais simples e r\u00e1pido, garante resist\u00eancia, durabilidade e seguran\u00e7a, evitando o &#8220;embarrigamento&#8221; das lajes e o aparecimento de trincas.<br \/>\nFeita com a\u00e7o CA-60 nervurado, \u00e9 fornecida em pain\u00e9is no tamanho de 2m x 3m, em quatro diferentes tipos: leve, m\u00e9dia, refor\u00e7ada e pesada.<\/p>\n<p>Benef\u00edcios:\u2028 Evitam trincas, fissuras e deslocamentos excessivos\u2028\u2028Certifica\u00e7\u00f5es de Qualidade:\u2028- A\u00e7o CA-60\u2028- ABNT NBR 7481:\u00a0encomenda, fabrica\u00e7\u00e3o e fornecimento exemplar de telas de a\u00e7o soldadas\u2028- ISO 14001:\u00a0unidades produtoras com excel\u00eancia certificada em gest\u00e3o ambiental\u2028- ISO 9001:\u00a0unidades produtoras com excel\u00eancia certificada em gest\u00e3o da qualidadeA Tela Pop \u00e9 pr\u00f3pria para construir lajes em concreto armado, pisos residenciais e industriais e estruturas pr\u00e9-moldadas, Al\u00e9m de tornar o trabalho mais simples e r\u00e1pido, garante resist\u00eancia, durabilidade e seguran\u00e7a, evitando o &#8220;embarrigamento&#8221; das lajes e o aparecimento de trincas.<\/p>\n<p>Feita com a\u00e7o CA-60 nervurado, \u00e9 fornecida em pain\u00e9is no tamanho de 2m x 3m, em quatro diferentes tipos: leve, m\u00e9dia, refor\u00e7ada e pesada.<\/p>\n<p><strong>*Modelos dispon\u00edveis:<\/strong><\/p>\n<p><img loading=\"lazy\" decoding=\"async\" class=\"alignnone size-full wp-image-1327\" src=\"http:\/\/metalshopping.com.br\/metalshopping\/wp-content\/uploads\/2023\/01\/MALHAS.png\" alt=\"\" width=\"1130\" height=\"403\" srcset=\"https:\/\/metalshopping.com.br\/metalshopping\/wp-content\/uploads\/2023\/01\/MALHAS.png 1130w, https:\/\/metalshopping.com.br\/metalshopping\/wp-content\/uploads\/2023\/01\/MALHAS-300x107.png 300w, https:\/\/metalshopping.com.br\/metalshopping\/wp-content\/uploads\/2023\/01\/MALHAS-1024x365.png 1024w, https:\/\/metalshopping.com.br\/metalshopping\/wp-content\/uploads\/2023\/01\/MALHAS-600x214.png 600w\" sizes=\"auto, (max-width: 1130px) 100vw, 1130px\" \/><\/p>\n","protected":false},"excerpt":{"rendered":"<p>A Tela Pop \u00e9 pr\u00f3pria para construir lajes em concreto armado, pisos residenciais e industriais e estruturas pr\u00e9-moldadas, Al\u00e9m de tornar o trabalho mais simples e r\u00e1pido, garante resist\u00eancia, durabilidade e seguran\u00e7a, evitando o &#8220;embarrigamento&#8221; das lajes e o aparecimento de trincas. Feita com a\u00e7o CA-60 nervurado, \u00e9 fornecida em pain\u00e9is no tamanho de 2m&#8230;<\/p>\n","protected":false},"featured_media":921,"template":"","meta":[],"product_cat":[17,24],"product_tag":[],"class_list":{"0":"post-1154","1":"product","2":"type-product","3":"status-publish","4":"has-post-thumbnail","6":"product_cat-construcao-civil","7":"product_cat-malhas","9":"first","10":"instock","11":"shipping-taxable","12":"product-type-simple"},"_links":{"self":[{"href":"https:\/\/metalshopping.com.br\/metalshopping\/index.php?rest_route=\/wp\/v2\/product\/1154","targetHints":{"allow":["GET"]}}],"collection":[{"href":"https:\/\/metalshopping.com.br\/metalshopping\/index.php?rest_route=\/wp\/v2\/product"}],"about":[{"href":"https:\/\/metalshopping.com.br\/metalshopping\/index.php?rest_route=\/wp\/v2\/types\/product"}],"wp:featuredmedia":[{"embeddable":true,"href":"https:\/\/metalshopping.com.br\/metalshopping\/index.php?rest_route=\/wp\/v2\/media\/921"}],"wp:attachment":[{"href":"https:\/\/metalshopping.com.br\/metalshopping\/index.php?rest_route=%2Fwp%2Fv2%2Fmedia&parent=1154"}],"wp:term":[{"taxonomy":"product_cat","embeddable":true,"href":"https:\/\/metalshopping.com.br\/metalshopping\/index.php?rest_route=%2Fwp%2Fv2%2Fproduct_cat&post=1154"},{"taxonomy":"product_tag","embeddable":true,"href":"https:\/\/metalshopping.com.br\/metalshopping\/index.php?rest_route=%2Fwp%2Fv2%2Fproduct_tag&post=1154"}],"curies":[{"name":"wp","href":"https:\/\/api.w.org\/{rel}","templated":true}]}}