{"id":1159,"date":"2023-01-25T09:05:40","date_gmt":"2023-01-25T12:05:40","guid":{"rendered":"https:\/\/metalshopping.com.br\/metalshopping\/?post_type=product&#038;p=1159"},"modified":"2023-03-21T13:02:29","modified_gmt":"2023-03-21T16:02:29","slug":"barra-tee","status":"publish","type":"product","link":"https:\/\/metalshopping.com.br\/metalshopping\/?product=barra-tee","title":{"rendered":"Barra TEE"},"content":{"rendered":"<p>Com precis\u00e3o na concord\u00e2ncia entre a alma e as abas, o perfil com se\u00e7\u00e3o transversal em forma de \u201cT\u201d, permite excelente acabamento em suas principais aplica\u00e7\u00f5es, como esquadrias e estruturas met\u00e1licas. Tamb\u00e9m \u00e9 empregado em m\u00e1quinas, implementos agr\u00edcolas e rodovi\u00e1rios.<\/p>\n<p><strong>*Modelos dispon\u00edveis:<\/strong><\/p>\n<p><img loading=\"lazy\" decoding=\"async\" class=\"alignnone wp-image-1377 size-us_600_600\" src=\"http:\/\/metalshopping.com.br\/metalshopping\/wp-content\/uploads\/2023\/01\/BARRA-TEE-TAB-600x587.png\" alt=\"\" width=\"600\" height=\"587\" srcset=\"https:\/\/metalshopping.com.br\/metalshopping\/wp-content\/uploads\/2023\/01\/BARRA-TEE-TAB-600x587.png 600w, https:\/\/metalshopping.com.br\/metalshopping\/wp-content\/uploads\/2023\/01\/BARRA-TEE-TAB-300x293.png 300w, https:\/\/metalshopping.com.br\/metalshopping\/wp-content\/uploads\/2023\/01\/BARRA-TEE-TAB-1024x1001.png 1024w, https:\/\/metalshopping.com.br\/metalshopping\/wp-content\/uploads\/2023\/01\/BARRA-TEE-TAB.png 1124w\" sizes=\"auto, (max-width: 600px) 100vw, 600px\" \/><\/p>\n","protected":false},"excerpt":{"rendered":"<p>Com precis\u00e3o na concord\u00e2ncia entre a alma e as abas, o perfil com se\u00e7\u00e3o transversal em forma de \u201cT\u201d, permite excelente acabamento em suas principais aplica\u00e7\u00f5es, como esquadrias e estruturas met\u00e1licas. Tamb\u00e9m \u00e9 empregado em m\u00e1quinas, implementos agr\u00edcolas e rodovi\u00e1rios. *Modelos dispon\u00edveis:<\/p>\n","protected":false},"featured_media":1160,"template":"","meta":[],"product_cat":[32,29],"product_tag":[],"class_list":{"0":"post-1159","1":"product","2":"type-product","3":"status-publish","4":"has-post-thumbnail","6":"product_cat-barra-tee","7":"product_cat-industria","9":"first","10":"instock","11":"shipping-taxable","12":"product-type-simple"},"_links":{"self":[{"href":"https:\/\/metalshopping.com.br\/metalshopping\/index.php?rest_route=\/wp\/v2\/product\/1159","targetHints":{"allow":["GET"]}}],"collection":[{"href":"https:\/\/metalshopping.com.br\/metalshopping\/index.php?rest_route=\/wp\/v2\/product"}],"about":[{"href":"https:\/\/metalshopping.com.br\/metalshopping\/index.php?rest_route=\/wp\/v2\/types\/product"}],"wp:featuredmedia":[{"embeddable":true,"href":"https:\/\/metalshopping.com.br\/metalshopping\/index.php?rest_route=\/wp\/v2\/media\/1160"}],"wp:attachment":[{"href":"https:\/\/metalshopping.com.br\/metalshopping\/index.php?rest_route=%2Fwp%2Fv2%2Fmedia&parent=1159"}],"wp:term":[{"taxonomy":"product_cat","embeddable":true,"href":"https:\/\/metalshopping.com.br\/metalshopping\/index.php?rest_route=%2Fwp%2Fv2%2Fproduct_cat&post=1159"},{"taxonomy":"product_tag","embeddable":true,"href":"https:\/\/metalshopping.com.br\/metalshopping\/index.php?rest_route=%2Fwp%2Fv2%2Fproduct_tag&post=1159"}],"curies":[{"name":"wp","href":"https:\/\/api.w.org\/{rel}","templated":true}]}}