{"id":1161,"date":"2023-01-25T09:07:20","date_gmt":"2023-01-25T12:07:20","guid":{"rendered":"https:\/\/metalshopping.com.br\/metalshopping\/?post_type=product&#038;p=1161"},"modified":"2023-03-21T12:48:25","modified_gmt":"2023-03-21T15:48:25","slug":"cantoneiras","status":"publish","type":"product","link":"https:\/\/metalshopping.com.br\/metalshopping\/?product=cantoneiras","title":{"rendered":"Cantoneiras"},"content":{"rendered":"<p>As cantoneiras s\u00e3o barras de ferro com duas abas sim\u00e9tricas formando um angulo reto. S\u00e3o muito usadas nas estruturas met\u00e1licas e fabrica\u00e7\u00e3o de prateleiras.<\/p>\n<p><strong>*Modelos dispon\u00edveis:<\/strong><\/p>\n<p><img loading=\"lazy\" decoding=\"async\" class=\"alignnone wp-image-1375 size-us_600_600\" src=\"http:\/\/metalshopping.com.br\/metalshopping\/wp-content\/uploads\/2023\/01\/CANTONEIRA-TAB-519x600.png\" alt=\"\" width=\"519\" height=\"600\" srcset=\"https:\/\/metalshopping.com.br\/metalshopping\/wp-content\/uploads\/2023\/01\/CANTONEIRA-TAB-519x600.png 519w, https:\/\/metalshopping.com.br\/metalshopping\/wp-content\/uploads\/2023\/01\/CANTONEIRA-TAB-259x300.png 259w, https:\/\/metalshopping.com.br\/metalshopping\/wp-content\/uploads\/2023\/01\/CANTONEIRA-TAB-885x1024.png 885w, https:\/\/metalshopping.com.br\/metalshopping\/wp-content\/uploads\/2023\/01\/CANTONEIRA-TAB-600x694.png 600w, https:\/\/metalshopping.com.br\/metalshopping\/wp-content\/uploads\/2023\/01\/CANTONEIRA-TAB.png 1124w\" sizes=\"auto, (max-width: 519px) 100vw, 519px\" \/><\/p>\n","protected":false},"excerpt":{"rendered":"<p>As cantoneiras s\u00e3o barras de ferro com duas abas sim\u00e9tricas formando um angulo reto. S\u00e3o muito usadas nas estruturas met\u00e1licas e fabrica\u00e7\u00e3o de prateleiras. *Modelos dispon\u00edveis:<\/p>\n","protected":false},"featured_media":1162,"template":"","meta":[],"product_cat":[33,29],"product_tag":[],"class_list":{"0":"post-1161","1":"product","2":"type-product","3":"status-publish","4":"has-post-thumbnail","6":"product_cat-cantoneiras","7":"product_cat-industria","9":"first","10":"instock","11":"shipping-taxable","12":"product-type-simple"},"_links":{"self":[{"href":"https:\/\/metalshopping.com.br\/metalshopping\/index.php?rest_route=\/wp\/v2\/product\/1161","targetHints":{"allow":["GET"]}}],"collection":[{"href":"https:\/\/metalshopping.com.br\/metalshopping\/index.php?rest_route=\/wp\/v2\/product"}],"about":[{"href":"https:\/\/metalshopping.com.br\/metalshopping\/index.php?rest_route=\/wp\/v2\/types\/product"}],"wp:featuredmedia":[{"embeddable":true,"href":"https:\/\/metalshopping.com.br\/metalshopping\/index.php?rest_route=\/wp\/v2\/media\/1162"}],"wp:attachment":[{"href":"https:\/\/metalshopping.com.br\/metalshopping\/index.php?rest_route=%2Fwp%2Fv2%2Fmedia&parent=1161"}],"wp:term":[{"taxonomy":"product_cat","embeddable":true,"href":"https:\/\/metalshopping.com.br\/metalshopping\/index.php?rest_route=%2Fwp%2Fv2%2Fproduct_cat&post=1161"},{"taxonomy":"product_tag","embeddable":true,"href":"https:\/\/metalshopping.com.br\/metalshopping\/index.php?rest_route=%2Fwp%2Fv2%2Fproduct_tag&post=1161"}],"curies":[{"name":"wp","href":"https:\/\/api.w.org\/{rel}","templated":true}]}}