{"id":1165,"date":"2023-01-25T09:09:44","date_gmt":"2023-01-25T12:09:44","guid":{"rendered":"https:\/\/metalshopping.com.br\/metalshopping\/?post_type=product&#038;p=1165"},"modified":"2023-03-20T19:06:31","modified_gmt":"2023-03-20T22:06:31","slug":"chapas-galvanizada","status":"publish","type":"product","link":"https:\/\/metalshopping.com.br\/metalshopping\/?product=chapas-galvanizada","title":{"rendered":"Chapas Galvanizadas"},"content":{"rendered":"<p>As chapas galvanizadas s\u00e3o revestidas com uma camada de zinco dos dois lados, que garante ao produto maior prote\u00e7\u00e3o \u00e0 corros\u00e3o. As chapas s\u00e3o usadas em diversos segmentos como pain\u00e9is, fachadas, port\u00f5es e na fabrica\u00e7\u00e3o de telhas. Cortamos e dobramos chapas galvanizadas sob medida.<\/p>\n<p><strong>*Modelos dispon\u00edveis:<\/strong><\/p>\n<p><img loading=\"lazy\" decoding=\"async\" class=\"alignnone size-full wp-image-1331\" src=\"http:\/\/metalshopping.com.br\/metalshopping\/wp-content\/uploads\/2023\/01\/CHAPAS-GALVANIZADAS.png\" alt=\"\" width=\"1130\" height=\"411\" srcset=\"https:\/\/metalshopping.com.br\/metalshopping\/wp-content\/uploads\/2023\/01\/CHAPAS-GALVANIZADAS.png 1130w, https:\/\/metalshopping.com.br\/metalshopping\/wp-content\/uploads\/2023\/01\/CHAPAS-GALVANIZADAS-300x109.png 300w, https:\/\/metalshopping.com.br\/metalshopping\/wp-content\/uploads\/2023\/01\/CHAPAS-GALVANIZADAS-1024x372.png 1024w, https:\/\/metalshopping.com.br\/metalshopping\/wp-content\/uploads\/2023\/01\/CHAPAS-GALVANIZADAS-600x218.png 600w\" sizes=\"auto, (max-width: 1130px) 100vw, 1130px\" \/><\/p>\n","protected":false},"excerpt":{"rendered":"<p>As chapas galvanizadas s\u00e3o revestidas com uma camada de zinco dos dois lados, que garante ao produto maior prote\u00e7\u00e3o \u00e0 corros\u00e3o. As chapas s\u00e3o usadas em diversos segmentos como pain\u00e9is, fachadas, port\u00f5es e na fabrica\u00e7\u00e3o de telhas. Cortamos e dobramos chapas galvanizadas sob medida. *Modelos dispon\u00edveis:<\/p>\n","protected":false},"featured_media":1168,"template":"","meta":[],"product_cat":[35,29],"product_tag":[],"class_list":{"0":"post-1165","1":"product","2":"type-product","3":"status-publish","4":"has-post-thumbnail","6":"product_cat-chapas-galvanizada","7":"product_cat-industria","9":"first","10":"instock","11":"shipping-taxable","12":"product-type-simple"},"_links":{"self":[{"href":"https:\/\/metalshopping.com.br\/metalshopping\/index.php?rest_route=\/wp\/v2\/product\/1165","targetHints":{"allow":["GET"]}}],"collection":[{"href":"https:\/\/metalshopping.com.br\/metalshopping\/index.php?rest_route=\/wp\/v2\/product"}],"about":[{"href":"https:\/\/metalshopping.com.br\/metalshopping\/index.php?rest_route=\/wp\/v2\/types\/product"}],"wp:featuredmedia":[{"embeddable":true,"href":"https:\/\/metalshopping.com.br\/metalshopping\/index.php?rest_route=\/wp\/v2\/media\/1168"}],"wp:attachment":[{"href":"https:\/\/metalshopping.com.br\/metalshopping\/index.php?rest_route=%2Fwp%2Fv2%2Fmedia&parent=1165"}],"wp:term":[{"taxonomy":"product_cat","embeddable":true,"href":"https:\/\/metalshopping.com.br\/metalshopping\/index.php?rest_route=%2Fwp%2Fv2%2Fproduct_cat&post=1165"},{"taxonomy":"product_tag","embeddable":true,"href":"https:\/\/metalshopping.com.br\/metalshopping\/index.php?rest_route=%2Fwp%2Fv2%2Fproduct_tag&post=1165"}],"curies":[{"name":"wp","href":"https:\/\/api.w.org\/{rel}","templated":true}]}}