{"id":1169,"date":"2023-01-25T09:22:00","date_gmt":"2023-01-25T12:22:00","guid":{"rendered":"https:\/\/metalshopping.com.br\/metalshopping\/?post_type=product&#038;p=1169"},"modified":"2023-03-20T19:13:08","modified_gmt":"2023-03-20T22:13:08","slug":"chapa-xadrez","status":"publish","type":"product","link":"https:\/\/metalshopping.com.br\/metalshopping\/?product=chapa-xadrez","title":{"rendered":"Chapa Xadrez"},"content":{"rendered":"<p>As chapas xadrez ou piso s\u00e3o feitas em a\u00e7o estrutural para piso com relevo antiderrapante. S\u00e3o usadas em locais que exijam seguran\u00e7a.<\/p>\n<p><strong>*Modelos dispon\u00edveis:<\/strong><\/p>\n<p><img loading=\"lazy\" decoding=\"async\" class=\"alignnone size-full wp-image-1332\" src=\"http:\/\/metalshopping.com.br\/metalshopping\/wp-content\/uploads\/2023\/01\/CHAPA-XADREZ-2.png\" alt=\"\" width=\"1130\" height=\"241\" srcset=\"https:\/\/metalshopping.com.br\/metalshopping\/wp-content\/uploads\/2023\/01\/CHAPA-XADREZ-2.png 1130w, https:\/\/metalshopping.com.br\/metalshopping\/wp-content\/uploads\/2023\/01\/CHAPA-XADREZ-2-300x64.png 300w, https:\/\/metalshopping.com.br\/metalshopping\/wp-content\/uploads\/2023\/01\/CHAPA-XADREZ-2-1024x218.png 1024w, https:\/\/metalshopping.com.br\/metalshopping\/wp-content\/uploads\/2023\/01\/CHAPA-XADREZ-2-600x128.png 600w\" sizes=\"auto, (max-width: 1130px) 100vw, 1130px\" \/><\/p>\n","protected":false},"excerpt":{"rendered":"<p>As chapas xadrez ou piso s\u00e3o feitas em a\u00e7o estrutural para piso com relevo antiderrapante. S\u00e3o usadas em locais que exijam seguran\u00e7a. *Modelos dispon\u00edveis:<\/p>\n","protected":false},"featured_media":1170,"template":"","meta":[],"product_cat":[36,29],"product_tag":[],"class_list":{"0":"post-1169","1":"product","2":"type-product","3":"status-publish","4":"has-post-thumbnail","6":"product_cat-chapa-xadrez","7":"product_cat-industria","9":"first","10":"instock","11":"shipping-taxable","12":"product-type-simple"},"_links":{"self":[{"href":"https:\/\/metalshopping.com.br\/metalshopping\/index.php?rest_route=\/wp\/v2\/product\/1169","targetHints":{"allow":["GET"]}}],"collection":[{"href":"https:\/\/metalshopping.com.br\/metalshopping\/index.php?rest_route=\/wp\/v2\/product"}],"about":[{"href":"https:\/\/metalshopping.com.br\/metalshopping\/index.php?rest_route=\/wp\/v2\/types\/product"}],"wp:featuredmedia":[{"embeddable":true,"href":"https:\/\/metalshopping.com.br\/metalshopping\/index.php?rest_route=\/wp\/v2\/media\/1170"}],"wp:attachment":[{"href":"https:\/\/metalshopping.com.br\/metalshopping\/index.php?rest_route=%2Fwp%2Fv2%2Fmedia&parent=1169"}],"wp:term":[{"taxonomy":"product_cat","embeddable":true,"href":"https:\/\/metalshopping.com.br\/metalshopping\/index.php?rest_route=%2Fwp%2Fv2%2Fproduct_cat&post=1169"},{"taxonomy":"product_tag","embeddable":true,"href":"https:\/\/metalshopping.com.br\/metalshopping\/index.php?rest_route=%2Fwp%2Fv2%2Fproduct_tag&post=1169"}],"curies":[{"name":"wp","href":"https:\/\/api.w.org\/{rel}","templated":true}]}}