{"id":1256,"date":"2023-01-25T10:49:39","date_gmt":"2023-01-25T13:49:39","guid":{"rendered":"https:\/\/metalshopping.com.br\/metalshopping\/?post_type=product&#038;p=1256"},"modified":"2023-03-24T14:57:30","modified_gmt":"2023-03-24T17:57:30","slug":"rolo-concertina","status":"publish","type":"product","link":"https:\/\/metalshopping.com.br\/metalshopping\/?product=rolo-concertina","title":{"rendered":"Rolo Concertina"},"content":{"rendered":"<p>A\u00a0<strong>Concertina 45cm\u00a0<\/strong>\u00e9 ideal para se utilizar na prote\u00e7\u00e3o de muros, per\u00edmetros ou alambrados . Se trata de uma l\u00e2mina de corte em espiral de alta resist\u00eancia conformada junto com um arame galvanizado a fogo.<br \/>\nS\u00e3o instaladas com o aux\u00edlio de arames e hastes para ficarem melhor fixadas. Em muitos casos, os acess\u00f3rios como cantoneiras ou ferros de constru\u00e7\u00e3o fazem o mesmo servi\u00e7o das hastes se o cliente desejar chumbar no muro.<br \/>\nO rolo possui rendimento de 10m na instala\u00e7\u00e3o, considerando um espa\u00e7o entre as espiras mais indicado e seguro para seu fechamento. No modelo 45cm o espa\u00e7amento indicado \u00e9 de 25cm entre as espiras.<\/p>\n","protected":false},"excerpt":{"rendered":"<p>A\u00a0Concertina 45cm\u00a0\u00e9 ideal para se utilizar na prote\u00e7\u00e3o de muros, per\u00edmetros ou alambrados . Se trata de uma l\u00e2mina de corte em espiral de alta resist\u00eancia conformada junto com um arame galvanizado a fogo. S\u00e3o instaladas com o aux\u00edlio de arames e hastes para ficarem melhor fixadas. Em muitos casos, os acess\u00f3rios como cantoneiras ou&#8230;<\/p>\n","protected":false},"featured_media":1257,"template":"","meta":[],"product_cat":[66,64],"product_tag":[],"class_list":{"0":"post-1256","1":"product","2":"type-product","3":"status-publish","4":"has-post-thumbnail","6":"product_cat-rolo-concertina","7":"product_cat-seguranca-perimetral","9":"first","10":"instock","11":"shipping-taxable","12":"product-type-simple"},"_links":{"self":[{"href":"https:\/\/metalshopping.com.br\/metalshopping\/index.php?rest_route=\/wp\/v2\/product\/1256","targetHints":{"allow":["GET"]}}],"collection":[{"href":"https:\/\/metalshopping.com.br\/metalshopping\/index.php?rest_route=\/wp\/v2\/product"}],"about":[{"href":"https:\/\/metalshopping.com.br\/metalshopping\/index.php?rest_route=\/wp\/v2\/types\/product"}],"wp:featuredmedia":[{"embeddable":true,"href":"https:\/\/metalshopping.com.br\/metalshopping\/index.php?rest_route=\/wp\/v2\/media\/1257"}],"wp:attachment":[{"href":"https:\/\/metalshopping.com.br\/metalshopping\/index.php?rest_route=%2Fwp%2Fv2%2Fmedia&parent=1256"}],"wp:term":[{"taxonomy":"product_cat","embeddable":true,"href":"https:\/\/metalshopping.com.br\/metalshopping\/index.php?rest_route=%2Fwp%2Fv2%2Fproduct_cat&post=1256"},{"taxonomy":"product_tag","embeddable":true,"href":"https:\/\/metalshopping.com.br\/metalshopping\/index.php?rest_route=%2Fwp%2Fv2%2Fproduct_tag&post=1256"}],"curies":[{"name":"wp","href":"https:\/\/api.w.org\/{rel}","templated":true}]}}