{"id":1358,"date":"2023-03-21T08:51:55","date_gmt":"2023-03-21T11:51:55","guid":{"rendered":"https:\/\/metalshopping.com.br\/metalshopping\/?post_type=product&#038;p=1358"},"modified":"2023-03-21T08:51:55","modified_gmt":"2023-03-21T11:51:55","slug":"batentes","status":"publish","type":"product","link":"https:\/\/metalshopping.com.br\/metalshopping\/?product=batentes","title":{"rendered":"Batentes"},"content":{"rendered":"<p>O batente \u00e9 a moldura da porta, instalado na parte interna do v\u00e3o, que, al\u00e9m de dar acabamento \u00e0 instala\u00e7\u00e3o da porta, veda os eventuais v\u00e3os entre a porta e a parede, evitando que correntes de vento, poeira e insetos entrem em sua casa.<\/p>\n<p><strong>*Modelos dispon\u00edveis:<\/strong><\/p>\n<p><img loading=\"lazy\" decoding=\"async\" class=\"alignnone size-full wp-image-1359\" src=\"http:\/\/metalshopping.com.br\/metalshopping\/wp-content\/uploads\/2023\/03\/batentes-tab.png\" alt=\"\" width=\"879\" height=\"468\" srcset=\"https:\/\/metalshopping.com.br\/metalshopping\/wp-content\/uploads\/2023\/03\/batentes-tab.png 879w, https:\/\/metalshopping.com.br\/metalshopping\/wp-content\/uploads\/2023\/03\/batentes-tab-300x160.png 300w, https:\/\/metalshopping.com.br\/metalshopping\/wp-content\/uploads\/2023\/03\/batentes-tab-600x319.png 600w\" sizes=\"auto, (max-width: 879px) 100vw, 879px\" \/><\/p>\n","protected":false},"excerpt":{"rendered":"<p>O batente \u00e9 a moldura da porta, instalado na parte interna do v\u00e3o, que, al\u00e9m de dar acabamento \u00e0 instala\u00e7\u00e3o da porta, veda os eventuais v\u00e3os entre a porta e a parede, evitando que correntes de vento, poeira e insetos entrem em sua casa. *Modelos dispon\u00edveis:<\/p>\n","protected":false},"featured_media":1360,"template":"","meta":[],"product_cat":[79,29],"product_tag":[],"class_list":{"0":"post-1358","1":"product","2":"type-product","3":"status-publish","4":"has-post-thumbnail","6":"product_cat-batentes","7":"product_cat-industria","9":"first","10":"instock","11":"shipping-taxable","12":"product-type-simple"},"_links":{"self":[{"href":"https:\/\/metalshopping.com.br\/metalshopping\/index.php?rest_route=\/wp\/v2\/product\/1358","targetHints":{"allow":["GET"]}}],"collection":[{"href":"https:\/\/metalshopping.com.br\/metalshopping\/index.php?rest_route=\/wp\/v2\/product"}],"about":[{"href":"https:\/\/metalshopping.com.br\/metalshopping\/index.php?rest_route=\/wp\/v2\/types\/product"}],"wp:featuredmedia":[{"embeddable":true,"href":"https:\/\/metalshopping.com.br\/metalshopping\/index.php?rest_route=\/wp\/v2\/media\/1360"}],"wp:attachment":[{"href":"https:\/\/metalshopping.com.br\/metalshopping\/index.php?rest_route=%2Fwp%2Fv2%2Fmedia&parent=1358"}],"wp:term":[{"taxonomy":"product_cat","embeddable":true,"href":"https:\/\/metalshopping.com.br\/metalshopping\/index.php?rest_route=%2Fwp%2Fv2%2Fproduct_cat&post=1358"},{"taxonomy":"product_tag","embeddable":true,"href":"https:\/\/metalshopping.com.br\/metalshopping\/index.php?rest_route=%2Fwp%2Fv2%2Fproduct_tag&post=1358"}],"curies":[{"name":"wp","href":"https:\/\/api.w.org\/{rel}","templated":true}]}}