{"id":1368,"date":"2023-03-21T11:31:12","date_gmt":"2023-03-21T14:31:12","guid":{"rendered":"https:\/\/metalshopping.com.br\/metalshopping\/?post_type=product&#038;p=1368"},"modified":"2023-03-31T16:26:03","modified_gmt":"2023-03-31T19:26:03","slug":"barra-macica-redonda","status":"publish","type":"product","link":"https:\/\/metalshopping.com.br\/metalshopping\/?product=barra-macica-redonda","title":{"rendered":"Barra Maci\u00e7a Redonda Trefilada"},"content":{"rendered":"<p>Fornecidas em formato redondo, possui uma ampla linha de bitolas com excelente acabamento. As barras trefiladas s\u00e3o empregadas nas mais diversas ind\u00fastrias onde a exig\u00eancia por qualidade e acabamento seja primordial. Obtidas por trefila\u00e7\u00e3o a frio de barras laminadas e de fio-m\u00e1quina, s\u00e3o produzidas e fornecidas na toler\u00e2ncia \u201cH 11\u201d.<\/p>\n<p><strong>*Modelos dispon\u00edveis:<\/strong><\/p>\n<p><img loading=\"lazy\" decoding=\"async\" class=\"alignnone wp-image-1369 size-us_600_600\" src=\"http:\/\/metalshopping.com.br\/metalshopping\/wp-content\/uploads\/2023\/03\/BARRA-MACICA-REDONDA-TAB-252x600.png\" alt=\"\" width=\"252\" height=\"600\" srcset=\"https:\/\/metalshopping.com.br\/metalshopping\/wp-content\/uploads\/2023\/03\/BARRA-MACICA-REDONDA-TAB-252x600.png 252w, https:\/\/metalshopping.com.br\/metalshopping\/wp-content\/uploads\/2023\/03\/BARRA-MACICA-REDONDA-TAB-126x300.png 126w, https:\/\/metalshopping.com.br\/metalshopping\/wp-content\/uploads\/2023\/03\/BARRA-MACICA-REDONDA-TAB-430x1024.png 430w, https:\/\/metalshopping.com.br\/metalshopping\/wp-content\/uploads\/2023\/03\/BARRA-MACICA-REDONDA-TAB-600x1428.png 600w, https:\/\/metalshopping.com.br\/metalshopping\/wp-content\/uploads\/2023\/03\/BARRA-MACICA-REDONDA-TAB.png 612w\" sizes=\"auto, (max-width: 252px) 100vw, 252px\" \/><\/p>\n","protected":false},"excerpt":{"rendered":"<p>Fornecidas em formato redondo, possui uma ampla linha de bitolas com excelente acabamento. As barras trefiladas s\u00e3o empregadas nas mais diversas ind\u00fastrias onde a exig\u00eancia por qualidade e acabamento seja primordial. Obtidas por trefila\u00e7\u00e3o a frio de barras laminadas e de fio-m\u00e1quina, s\u00e3o produzidas e fornecidas na toler\u00e2ncia \u201cH 11\u201d. *Modelos dispon\u00edveis:<\/p>\n","protected":false},"featured_media":1370,"template":"","meta":[],"product_cat":[81,29],"product_tag":[],"class_list":{"0":"post-1368","1":"product","2":"type-product","3":"status-publish","4":"has-post-thumbnail","6":"product_cat-barra-macica-redonda","7":"product_cat-industria","9":"first","10":"instock","11":"shipping-taxable","12":"product-type-simple"},"_links":{"self":[{"href":"https:\/\/metalshopping.com.br\/metalshopping\/index.php?rest_route=\/wp\/v2\/product\/1368","targetHints":{"allow":["GET"]}}],"collection":[{"href":"https:\/\/metalshopping.com.br\/metalshopping\/index.php?rest_route=\/wp\/v2\/product"}],"about":[{"href":"https:\/\/metalshopping.com.br\/metalshopping\/index.php?rest_route=\/wp\/v2\/types\/product"}],"wp:featuredmedia":[{"embeddable":true,"href":"https:\/\/metalshopping.com.br\/metalshopping\/index.php?rest_route=\/wp\/v2\/media\/1370"}],"wp:attachment":[{"href":"https:\/\/metalshopping.com.br\/metalshopping\/index.php?rest_route=%2Fwp%2Fv2%2Fmedia&parent=1368"}],"wp:term":[{"taxonomy":"product_cat","embeddable":true,"href":"https:\/\/metalshopping.com.br\/metalshopping\/index.php?rest_route=%2Fwp%2Fv2%2Fproduct_cat&post=1368"},{"taxonomy":"product_tag","embeddable":true,"href":"https:\/\/metalshopping.com.br\/metalshopping\/index.php?rest_route=%2Fwp%2Fv2%2Fproduct_tag&post=1368"}],"curies":[{"name":"wp","href":"https:\/\/api.w.org\/{rel}","templated":true}]}}