{"id":1384,"date":"2023-03-21T17:44:17","date_gmt":"2023-03-21T20:44:17","guid":{"rendered":"https:\/\/metalshopping.com.br\/metalshopping\/?post_type=product&#038;p=1384"},"modified":"2026-03-13T12:14:48","modified_gmt":"2026-03-13T15:14:48","slug":"impermeabilizante-tecplus","status":"publish","type":"product","link":"https:\/\/metalshopping.com.br\/metalshopping\/?product=impermeabilizante-tecplus","title":{"rendered":"Impermeabilizante Tecplus"},"content":{"rendered":"<p>O impermeabilizante Tecplus 1 \u00e9 ideal como aditivo para argamassas, concreto e reboco para alvenarias, principalmente dentro da constru\u00e7\u00e3o civil. Al\u00e9m de melhorar a consist\u00eancia, coes\u00e3o e trabalhabilidade das massas, ele tamb\u00e9m impermeabiliza, deixando-as prontas para aplica\u00e7\u00e3o em funda\u00e7\u00f5es, caixas d&#8217;\u00e1gua, piscinas, canaletas, reservat\u00f3rios e etc. Consumo aproximado de 1 por cento em rela\u00e7\u00e3o \u00e0 massa do cimento (0,5L\/50Kg de cimento) no preparo de concretos, e 4 por cento em rela\u00e7\u00e3o \u00e0 massa do cimento no preparo de argamassas.<\/p>\n<p><strong>Embalagem:<\/strong> dispon\u00edvel nas embalagens de 3,6L, 18L<\/p>\n","protected":false},"excerpt":{"rendered":"<p>O impermeabilizante Tecplus 1 \u00e9 ideal como aditivo para argamassas, concreto e reboco para alvenarias, principalmente dentro da constru\u00e7\u00e3o civil. Al\u00e9m de melhorar a consist\u00eancia, coes\u00e3o e trabalhabilidade das massas, ele tamb\u00e9m impermeabiliza, deixando-as prontas para aplica\u00e7\u00e3o em funda\u00e7\u00f5es, caixas d&#8217;\u00e1gua, piscinas, canaletas, reservat\u00f3rios e etc. Consumo aproximado de 1 por cento em rela\u00e7\u00e3o \u00e0&#8230;<\/p>\n","protected":false},"featured_media":1385,"template":"","meta":[],"product_cat":[83],"product_tag":[],"class_list":{"0":"post-1384","1":"product","2":"type-product","3":"status-publish","4":"has-post-thumbnail","6":"product_cat-tintas-e-impermeabilizantes","8":"first","9":"instock","10":"shipping-taxable","11":"product-type-simple"},"_links":{"self":[{"href":"https:\/\/metalshopping.com.br\/metalshopping\/index.php?rest_route=\/wp\/v2\/product\/1384","targetHints":{"allow":["GET"]}}],"collection":[{"href":"https:\/\/metalshopping.com.br\/metalshopping\/index.php?rest_route=\/wp\/v2\/product"}],"about":[{"href":"https:\/\/metalshopping.com.br\/metalshopping\/index.php?rest_route=\/wp\/v2\/types\/product"}],"wp:featuredmedia":[{"embeddable":true,"href":"https:\/\/metalshopping.com.br\/metalshopping\/index.php?rest_route=\/wp\/v2\/media\/1385"}],"wp:attachment":[{"href":"https:\/\/metalshopping.com.br\/metalshopping\/index.php?rest_route=%2Fwp%2Fv2%2Fmedia&parent=1384"}],"wp:term":[{"taxonomy":"product_cat","embeddable":true,"href":"https:\/\/metalshopping.com.br\/metalshopping\/index.php?rest_route=%2Fwp%2Fv2%2Fproduct_cat&post=1384"},{"taxonomy":"product_tag","embeddable":true,"href":"https:\/\/metalshopping.com.br\/metalshopping\/index.php?rest_route=%2Fwp%2Fv2%2Fproduct_tag&post=1384"}],"curies":[{"name":"wp","href":"https:\/\/api.w.org\/{rel}","templated":true}]}}