{"id":1388,"date":"2023-03-24T14:56:07","date_gmt":"2023-03-24T17:56:07","guid":{"rendered":"https:\/\/metalshopping.com.br\/metalshopping\/?post_type=product&#038;p=1388"},"modified":"2026-03-13T12:13:58","modified_gmt":"2026-03-13T15:13:58","slug":"pintura-asfaltica-acqua-quartzolit","status":"publish","type":"product","link":"https:\/\/metalshopping.com.br\/metalshopping\/?product=pintura-asfaltica-acqua-quartzolit","title":{"rendered":"Pintura Asf\u00e1ltica Acqua Quartzolit"},"content":{"rendered":"<p><strong>Pintura Asf\u00e1ltica Acqua Quartzolit<\/strong> \u00e9 uma membrana com base asf\u00e1ltica, para a impermeabiliza\u00e7\u00e3o de alicerces, baldrames e muros.<\/p>\n<p>Bloqueia a umidade do solo;<br \/>\nBloqueia a umidade da chuva;<br \/>\n\u00d3tima ader\u00eancia em v\u00e1rios tipos de superf\u00edcie;<br \/>\nPode ser aplicado, sobre bases \u00famidas;<br \/>\nPode ser utilizado como primer para fitas asf\u00e1lticas e mantas asf\u00e1lticas.<\/p>\n<p>Embalagem: dispon\u00edvel nas embalagens de 3,6L, 18L<\/p>\n<p>Cor: \u00a0Preto<br \/>\nValidade: 24 meses<\/p>\n","protected":false},"excerpt":{"rendered":"<p>Pintura Asf\u00e1ltica Acqua Quartzolit \u00e9 uma membrana com base asf\u00e1ltica, para a impermeabiliza\u00e7\u00e3o de alicerces, baldrames e muros. Bloqueia a umidade do solo; Bloqueia a umidade da chuva; \u00d3tima ader\u00eancia em v\u00e1rios tipos de superf\u00edcie; Pode ser aplicado, sobre bases \u00famidas; Pode ser utilizado como primer para fitas asf\u00e1lticas e mantas asf\u00e1lticas. Embalagem: dispon\u00edvel nas&#8230;<\/p>\n","protected":false},"featured_media":1389,"template":"","meta":[],"product_cat":[83],"product_tag":[],"class_list":{"0":"post-1388","1":"product","2":"type-product","3":"status-publish","4":"has-post-thumbnail","6":"product_cat-tintas-e-impermeabilizantes","8":"first","9":"instock","10":"shipping-taxable","11":"product-type-simple"},"_links":{"self":[{"href":"https:\/\/metalshopping.com.br\/metalshopping\/index.php?rest_route=\/wp\/v2\/product\/1388","targetHints":{"allow":["GET"]}}],"collection":[{"href":"https:\/\/metalshopping.com.br\/metalshopping\/index.php?rest_route=\/wp\/v2\/product"}],"about":[{"href":"https:\/\/metalshopping.com.br\/metalshopping\/index.php?rest_route=\/wp\/v2\/types\/product"}],"wp:featuredmedia":[{"embeddable":true,"href":"https:\/\/metalshopping.com.br\/metalshopping\/index.php?rest_route=\/wp\/v2\/media\/1389"}],"wp:attachment":[{"href":"https:\/\/metalshopping.com.br\/metalshopping\/index.php?rest_route=%2Fwp%2Fv2%2Fmedia&parent=1388"}],"wp:term":[{"taxonomy":"product_cat","embeddable":true,"href":"https:\/\/metalshopping.com.br\/metalshopping\/index.php?rest_route=%2Fwp%2Fv2%2Fproduct_cat&post=1388"},{"taxonomy":"product_tag","embeddable":true,"href":"https:\/\/metalshopping.com.br\/metalshopping\/index.php?rest_route=%2Fwp%2Fv2%2Fproduct_tag&post=1388"}],"curies":[{"name":"wp","href":"https:\/\/api.w.org\/{rel}","templated":true}]}}