{"id":1440,"date":"2026-03-20T15:46:13","date_gmt":"2026-03-20T18:46:13","guid":{"rendered":"https:\/\/metalshopping.com.br\/metalshopping\/?post_type=product&#038;p=1440"},"modified":"2026-03-20T15:47:01","modified_gmt":"2026-03-20T18:47:01","slug":"igolflex-pu-preto","status":"publish","type":"product","link":"https:\/\/metalshopping.com.br\/metalshopping\/?product=igolflex-pu-preto","title":{"rendered":"Igolflex PU Preto"},"content":{"rendered":"<p>A Manta L\u00edquida Sika Igolflex PU Preto \u00e9 um produto flex\u00edvel, monocomponente, para impermeabiliza\u00e7\u00e3o a frio, moldado in loco, composto de asfalto e poliuretano, o que confere excelente flexibilidade e maior expectativa de vida \u00e0 impermeabiliza\u00e7\u00e3o.<\/p>\n<p><strong>Exemplos de aplica\u00e7\u00e3o:<\/strong> Reservat\u00f3rios, \u00e1reas sujeitas a empo\u00e7amento e coberturas.<\/p>\n","protected":false},"excerpt":{"rendered":"<p>A Manta L\u00edquida Sika Igolflex PU Preto \u00e9 um produto flex\u00edvel, monocomponente, para impermeabiliza\u00e7\u00e3o a frio, moldado in loco, composto de asfalto e poliuretano, o que confere excelente flexibilidade e maior expectativa de vida \u00e0 impermeabiliza\u00e7\u00e3o.<\/p>\n<p><strong>Exemplos de aplica\u00e7\u00e3o:<\/strong> Reservat\u00f3rios, \u00e1reas sujeitas a empo\u00e7amento e coberturas.<\/p>\n","protected":false},"featured_media":1437,"template":"","meta":[],"product_cat":[83],"product_tag":[],"class_list":{"0":"post-1440","1":"product","2":"type-product","3":"status-publish","4":"has-post-thumbnail","6":"product_cat-tintas-e-impermeabilizantes","8":"first","9":"instock","10":"shipping-taxable","11":"product-type-simple"},"_links":{"self":[{"href":"https:\/\/metalshopping.com.br\/metalshopping\/index.php?rest_route=\/wp\/v2\/product\/1440","targetHints":{"allow":["GET"]}}],"collection":[{"href":"https:\/\/metalshopping.com.br\/metalshopping\/index.php?rest_route=\/wp\/v2\/product"}],"about":[{"href":"https:\/\/metalshopping.com.br\/metalshopping\/index.php?rest_route=\/wp\/v2\/types\/product"}],"wp:featuredmedia":[{"embeddable":true,"href":"https:\/\/metalshopping.com.br\/metalshopping\/index.php?rest_route=\/wp\/v2\/media\/1437"}],"wp:attachment":[{"href":"https:\/\/metalshopping.com.br\/metalshopping\/index.php?rest_route=%2Fwp%2Fv2%2Fmedia&parent=1440"}],"wp:term":[{"taxonomy":"product_cat","embeddable":true,"href":"https:\/\/metalshopping.com.br\/metalshopping\/index.php?rest_route=%2Fwp%2Fv2%2Fproduct_cat&post=1440"},{"taxonomy":"product_tag","embeddable":true,"href":"https:\/\/metalshopping.com.br\/metalshopping\/index.php?rest_route=%2Fwp%2Fv2%2Fproduct_tag&post=1440"}],"curies":[{"name":"wp","href":"https:\/\/api.w.org\/{rel}","templated":true}]}}