{"id":1448,"date":"2026-03-26T15:30:18","date_gmt":"2026-03-26T18:30:18","guid":{"rendered":"https:\/\/metalshopping.com.br\/metalshopping\/?post_type=product&#038;p=1448"},"modified":"2026-03-26T15:30:24","modified_gmt":"2026-03-26T18:30:24","slug":"sikatop-100","status":"publish","type":"product","link":"https:\/\/metalshopping.com.br\/metalshopping\/?product=sikatop-100","title":{"rendered":"SikaTop 100"},"content":{"rendered":"<p>SikaTop 100 \u00e9 um revestimento, semi-flex\u00edvel, impermeabilizante e protetor, bicomponente, \u00e0 base de cimento, areias selecionadas e resina acr\u00edlica para uso em concreto, argamassa ou alvenaria com excelente ader\u00eancia e impermeabilidade.<\/p>\n<p>SikaTop 100 \u00e9 fornecido pronto para o uso, bastando misturar os componentes A (l\u00edquido) e B (p\u00f3).<\/p>\n<p><strong>Exemplos de aplica\u00e7\u00e3o:<\/strong> Recupera\u00e7\u00e3o de estruturas de concreto e revestimento<br \/>\nprotetor.<\/p>\n","protected":false},"excerpt":{"rendered":"<p>SikaTop 100 \u00e9 um revestimento, semi-flex\u00edvel, impermeabilizante e protetor, bicomponente, \u00e0 base de cimento, areias selecionadas e resina acr\u00edlica para uso em concreto, argamassa ou alvenaria com excelente ader\u00eancia e impermeabilidade. SikaTop 100 \u00e9 fornecido pronto para o uso, bastando misturar os componentes A (l\u00edquido) e B (p\u00f3). Exemplos de aplica\u00e7\u00e3o: Recupera\u00e7\u00e3o de estruturas de&#8230;<\/p>\n","protected":false},"featured_media":1449,"template":"","meta":[],"product_cat":[83],"product_tag":[],"class_list":{"0":"post-1448","1":"product","2":"type-product","3":"status-publish","4":"has-post-thumbnail","6":"product_cat-tintas-e-impermeabilizantes","8":"first","9":"instock","10":"shipping-taxable","11":"product-type-simple"},"_links":{"self":[{"href":"https:\/\/metalshopping.com.br\/metalshopping\/index.php?rest_route=\/wp\/v2\/product\/1448","targetHints":{"allow":["GET"]}}],"collection":[{"href":"https:\/\/metalshopping.com.br\/metalshopping\/index.php?rest_route=\/wp\/v2\/product"}],"about":[{"href":"https:\/\/metalshopping.com.br\/metalshopping\/index.php?rest_route=\/wp\/v2\/types\/product"}],"wp:featuredmedia":[{"embeddable":true,"href":"https:\/\/metalshopping.com.br\/metalshopping\/index.php?rest_route=\/wp\/v2\/media\/1449"}],"wp:attachment":[{"href":"https:\/\/metalshopping.com.br\/metalshopping\/index.php?rest_route=%2Fwp%2Fv2%2Fmedia&parent=1448"}],"wp:term":[{"taxonomy":"product_cat","embeddable":true,"href":"https:\/\/metalshopping.com.br\/metalshopping\/index.php?rest_route=%2Fwp%2Fv2%2Fproduct_cat&post=1448"},{"taxonomy":"product_tag","embeddable":true,"href":"https:\/\/metalshopping.com.br\/metalshopping\/index.php?rest_route=%2Fwp%2Fv2%2Fproduct_tag&post=1448"}],"curies":[{"name":"wp","href":"https:\/\/api.w.org\/{rel}","templated":true}]}}