{"id":1452,"date":"2026-03-26T15:38:04","date_gmt":"2026-03-26T18:38:04","guid":{"rendered":"https:\/\/metalshopping.com.br\/metalshopping\/?post_type=product&#038;p=1452"},"modified":"2026-03-26T15:38:04","modified_gmt":"2026-03-26T18:38:04","slug":"sika-chapisco-plus","status":"publish","type":"product","link":"https:\/\/metalshopping.com.br\/metalshopping\/?product=sika-chapisco-plus","title":{"rendered":"Sika Chapisco Plus"},"content":{"rendered":"<p>Sika Chapisco Plus \u00e9 um adesivo sint\u00e9tico compat\u00edvel com o cimento, que proporciona alta ader\u00eancia em chapiscos e argamassas em diversos substratos.<br \/>\nReduz a permeabilidade e retra\u00e7\u00e3o das argamassas,melhorando tamb\u00e9m a trabalhabilidade.<\/p>\n<p><strong>Exemplos de aplica\u00e7\u00e3o:<\/strong> Prepara\u00e7\u00e3o de superf\u00edcies em alvenaria e concreto para receber revestimento.<\/p>\n","protected":false},"excerpt":{"rendered":"<p>Sika Chapisco Plus \u00e9 um adesivo sint\u00e9tico compat\u00edvel com o cimento, que proporciona alta ader\u00eancia em chapiscos e argamassas em diversos substratos. Reduz a permeabilidade e retra\u00e7\u00e3o das argamassas,melhorando tamb\u00e9m a trabalhabilidade. Exemplos de aplica\u00e7\u00e3o: Prepara\u00e7\u00e3o de superf\u00edcies em alvenaria e concreto para receber revestimento.<\/p>\n","protected":false},"featured_media":1453,"template":"","meta":[],"product_cat":[83],"product_tag":[],"class_list":{"0":"post-1452","1":"product","2":"type-product","3":"status-publish","4":"has-post-thumbnail","6":"product_cat-tintas-e-impermeabilizantes","8":"first","9":"instock","10":"shipping-taxable","11":"product-type-simple"},"_links":{"self":[{"href":"https:\/\/metalshopping.com.br\/metalshopping\/index.php?rest_route=\/wp\/v2\/product\/1452","targetHints":{"allow":["GET"]}}],"collection":[{"href":"https:\/\/metalshopping.com.br\/metalshopping\/index.php?rest_route=\/wp\/v2\/product"}],"about":[{"href":"https:\/\/metalshopping.com.br\/metalshopping\/index.php?rest_route=\/wp\/v2\/types\/product"}],"wp:featuredmedia":[{"embeddable":true,"href":"https:\/\/metalshopping.com.br\/metalshopping\/index.php?rest_route=\/wp\/v2\/media\/1453"}],"wp:attachment":[{"href":"https:\/\/metalshopping.com.br\/metalshopping\/index.php?rest_route=%2Fwp%2Fv2%2Fmedia&parent=1452"}],"wp:term":[{"taxonomy":"product_cat","embeddable":true,"href":"https:\/\/metalshopping.com.br\/metalshopping\/index.php?rest_route=%2Fwp%2Fv2%2Fproduct_cat&post=1452"},{"taxonomy":"product_tag","embeddable":true,"href":"https:\/\/metalshopping.com.br\/metalshopping\/index.php?rest_route=%2Fwp%2Fv2%2Fproduct_tag&post=1452"}],"curies":[{"name":"wp","href":"https:\/\/api.w.org\/{rel}","templated":true}]}}